Let o be (-3 - -2)/(2/(-4)). Let h(k) = -8*k**2 - 2*k - 1. Let b(c) = -17*c**2 - 4*c - 3. Let r = -8 - -3. Let n(w) = o*b(w) + r*h(w). Calculate n(1).
7
Suppose -2*t + 6 = t. Let a(r) = r**2 + t*r + 4*r - 5*r - 9. Calculate a(0).
-9
Let a(t) = t + 7. Let p be 6/(-33) - 2/(-11). Let g be (3 - (p - 3))/(-1). Calculate a(g).
1
Let i(l) = l**3 - 4*l**2 - 5*l - 3. Let n(k) = -k**3 + 3*k**2 + 5*k + 3. Let u(v) = -6*i(v) - 7*n(v). Determine u(-3).
12
Let d(f) = -3 - 13*f**3 - 2*f**2 + 12*f**3 + f - 1. Suppose x = -4*x + 3*u + 45, -u - 5 = 0. Let r be (-30)/(-12)*x/(-5). Give d(r).
2
Suppose 2*f + 4 = 2. Let s(c) = -5*c - 1. Give s(f).
4
Let j(l) = -l. Let v be (-2)/6 - 4/(-3). Let r(x) = 7*x - 2. Let q(d) = v*r(d) + 6*j(d). What is q(4)?
2
Let g(l) be the first derivative of -2/3*l**3 - 8 + 3*l + l**2 - 1/4*l**4. Calculate g(-3).
6
Let t = 8 + -6. Let v(i) = -27*i**2 + 2*i - 1 + 31*i**t + 0 + 2*i**3. Let p(w) = -w**2 - 1. Let c be p(-1). What is v(c)?
-5
Let q(j) = -j**3 + 3. Suppose -3*a = -7*a. Let t be q(a). Let v(r) = t - 2 + 0 - r. Determine v(-4).
5
Suppose -2*f = 4*l + 6 + 24, 0 = -3*l + 4*f - 17. Let o(a) = -a - 2. Calculate o(l).
5
Let s(y) = y. Let z(p) = 15*p - 6. Let m(x) = -18*s(x) + z(x). Determine m(-4).
6
Suppose 0 = -3*y + 17 + 1. Let s(i) = 4*i + y*i - 8*i + 1. Suppose 2*n - 26 = 4*p, -3*p - n + 0 = 7. Determine s(p).
-7
Let v(k) = -3 - 4*k**2 + k + 7*k + k. Let f(b) = -2*b**2 + 5*b - 2. Let n(w) = -5*f(w) + 3*v(w). Let s(y) = y. Let l be s(-1). Give n(l).
-3
Let g = 3 + -4. Let r = g + 3. Suppose m - 10 = 4*v, r*v - 6*m + 12 = -2*m. Let d(k) = -2*k**2 - 4*k - 2. What is d(v)?
-2
Suppose -15 = 3*o + 4*m, -o = 5*m + 11 + 5. Let r(b) = 8*b**3 + b**2 - b - 1. Calculate r(o).
-7
Let u(v) = -2*v**3 - 3*v**2 + 2*v - 3. Let k(f) = f**3 - 1. Let p(z) = -k(z) - u(z). What is p(-4)?
-4
Let w(m) = -m + 7. Let a(k) be the second derivative of -k**5/20 + k**4/2 - k**3/2 + k**2 - 4*k. Let p be a(5). Suppose -p = -3*v + 3. Give w(v).
2
Let y be (1 - 1)/(-2*1). Let a(d) = 11*d + 23. Let o(u) = -5*u - 11. Let n(t) = 6*a(t) + 13*o(t). Give n(y).
-5
Let u(t) = 14*t**2 + t + 1. Let f = 12 - 12. Suppose 4*w = 2*n - 6, 0 = -f*n + n - 1. Give u(w).
14
Let d(x) = -x + 2. Suppose 18 + 38 = -4*h + 5*i, 28 = -2*h - 5*i. Let g be 16/10*(-35)/h. Calculate d(g).
-2
Let n(j) = j. Let t(x) = -x**2 + 3*x + 5. Let u(h) = -2*n(h) - t(h). Calculate u(6).
1
Suppose 0*f = 5*f + 15. Let x(j) be the second derivative of -j**5/20 - j**4/6 + 5*j**3/6 + j**2 + j. Determine x(f).
-4
Let c(g) be the first derivative of g**4/4 - g**3/3 + g**2 - 2*g - 2. Suppose 0 = -2*m - 8, -4*k + 5*k + 6 = -2*m. What is c(k)?
6
Let a(x) be the second derivative of -x**5/20 - 7*x**4/12 - 5*x**3/6 + 2*x**2 + 16*x. Let g be (-2)/10 + 76/(-20). Let w = -10 - g. Give a(w).
-2
Let w(t) be the second derivative of t**5/30 + t**4/24 + t**3/3 + 2*t. Let s(u) be the second derivative of w(u). Calculate s(-1).
-3
Suppose -12 = 4*u, -3*u - 3 = 2*l - 0*u. Let c(q) = q**2 - 4*q - 1. Determine c(l).
-4
Let h(q) = -3*q**3 - 3*q + 1. Let b(w) = 5*w**3 - w**2 + 5*w - 1. Let o(u) = 4*b(u) + 7*h(u). Let i be o(-3). Let x(k) = -k**3 - 4*k**2 - 4*k - 2. What is x(i)?
1
Let q(z) = -1 - 30*z + 9 + 31*z. Determine q(0).
8
Let t(v) = -v + 4 + 1 - 5. Calculate t(4).
-4
Let h(u) be the second derivative of -u**3/3 + u. Let a = -1 - -2. Let l be -1*(-2 + 1)/a. What is h(l)?
-2
Let f(t) = t**3 + 8*t**2 + 9*t + 4. Let h be f(-7). Let x be h*((-14)/(-4) + -3). Let j(o) = 6*o + 0*o**2 - 3*o**2 + 4*o**2. Give j(x).
-5
Let x be (-3)/(0/2 - 1). Let d(j) = -j + 8 + 16*j**2 - 7*j**3 + 4*j - 8*j**2. Let s(g) = -6*g**3 + 7*g**2 + 3*g + 7. Let k(l) = 5*d(l) - 6*s(l). Calculate k(x).
-2
Let w(c) = 2*c**2 - 17*c - 21. Let f(a) = -a**2 + 9*a + 11. Let g(j) = -5*f(j) - 3*w(j). Calculate g(6).
8
Let w(o) = -80*o + 1 + 41*o + 40*o - o**2. What is w(-1)?
-1
Let m(z) = -3*z**3 - 7*z**2 + 8*z - 1. Let r(d) = -2*d**3 - 4*d**2 + 4*d. Let s(n) = 3*m(n) - 5*r(n). Give s(2).
9
Let z(p) be the second derivative of -7/2*p**2 - 1/6*p**3 + 0 - 9*p. What is z(0)?
-7
Let m(v) be the second derivative of 7*v**3/6 + v**2 + 21*v. Give m(3).
23
Let p(d) = -3 - 12 - 3*d + 0 + 6. Give p(-9).
18
Let a(s) = s**3 - 4*s**2 + 5. Suppose -21 - 3 = -4*h - 2*j, -4*h = 5*j - 36. Let r be ((-20)/(-4) + -4)*h. What is a(r)?
5
Let b(q) = -q. Suppose -1 = -a + 3. Suppose 19 - a = 5*o. Suppose m = o*m - 2. Determine b(m).
-1
Let z(k) = -k**2 - 4*k + 4. Let x = 7 - 11. Give z(x).
4
Let f(t) = t**2 + 4*t - 3. Let m(b) = 7*b**2 + 3*b - 15. Let z(j) = 10*j**2 + 4*j - 22. Let v(k) = -7*m(k) + 5*z(k). Let x be v(0). What is f(x)?
2
Let g(m) = -5*m + 9. Let z be g(3). Let x(s) = s + 13. What is x(z)?
7
Suppose 0 = 4*w, 3*t - 6 = -w - w. Suppose 11 = t*b - 2*p + 3*p, 0 = -4*b + 5*p - 13. Let v(k) = k**3 - 4*k**2 + 4*k - 2. Give v(b).
1
Let n(c) = c - 4. Suppose -u + 3 = -j, -4*u - j = 3*j + 4. Suppose u + 19 = 4*b. Calculate n(b).
1
Let s be 12/4 - (2 + -2). Let v(q) = -q + 3. Calculate v(s).
0
Let y(o) = 3*o**2 + 15*o - 29. Let n(z) = -z**2 - 5*z + 10. Let b(u) = -8*n(u) - 3*y(u). Let t be (-126)/30 + 4/(-5). Determine b(t).
7
Let c(s) = -s - 5. Let u = -2 - -5. Let o be (-1 + 0)/(u/12). What is c(o)?
-1
Let k(s) be the first derivative of s**5/60 + s**4/6 - s**3 + 2*s**2 - 4. Let y(p) be the second derivative of k(p). What is y(-6)?
6
Let x(n) be the first derivative of -n**4/4 + 7*n**3/3 - 3*n**2 - 7*n - 3. Give x(6).
-7
Let u(c) be the first derivative of -c**4/4 - c**3/3 + c**2 - 3*c - 3. Calculate u(-3).
9
Let w = 7 + -4. Let d(a) = 5 - 2*a - 4*a**2 + 2*a - 3*a + a**w. Determine d(4).
-7
Suppose 4*c - 2 = -10, 5*m + 4*c = 2. Let b = -1 - m. Let r = b - -3. Let t(i) = i - 5. Determine t(r).
-5
Let x(s) = 74 - s**2 - 144 + 72. Suppose 0 = 3*u + 4*f - 10, 0*f = 2*u - 2*f + 12. What is x(u)?
-2
Let y(r) = r - 1. Let i be (-9 + 5)/4 + -3. Determine y(i).
-5
Let v(z) = 4*z - 2. Let g(j) = 3*j - 3. Let f(c) = 5*g(c) - 4*v(c). Calculate f(-6).
-1
Suppose 0 = 5*f + 2*n + 5, -3*n + 2*n = -5*f - 5. Let i(c) = -c - 1. Let v be i(-1). Let q(b) = -5*b + 2*b + b + v + 1. Determine q(f).
3
Let z(j) = j**3 - 8*j**2 - j + 2. Suppose 5*v + 7 - 47 = 0. Determine z(v).
-6
Let j(z) be the second derivative of -7*z + z**2 - 1/20*z**5 - 1/3*z**4 - 1/2*z**3 + 0. Give j(-3).
2
Let i(m) = -m + 10. Let z be i(9). Let h = -6 - -5. Let b(c) = 3*c**2 + c. Let p(l) = -l**2. Let g(j) = h*b(j) - p(j). What is g(z)?
-3
Suppose 0*r = -z + 5*r - 21, 3*z - r + 7 = 0. Let h(x) = x**2 - 3*x**2 - x**2. Determine h(z).
-3
Let l = -1 - -1. Let s(w) be the third derivative of 0*w + 0 - 11*w**2 - 5/6*w**3 + 1/24*w**4. What is s(l)?
-5
Let q = 15 - 17. Let h(y) = -y**2 + y + 1. Let k(z) = -2*z**3 - 4*z**2 + 3*z. Let u(f) = -2*h(f) + k(f). Calculate u(q).
4
Let r be ((-6)/3 - -1)*(1 + 4). Let m(n) = -n**2 - 6*n + 6. Determine m(r).
11
Let h(i) = i**3 + 4*i**2 + 2*i - 1. Let u(t) = t**3 - 5*t**2 + t - 8. Let b be u(5). Give h(b).
2
Let x be (-1)/(-3) + 32/12. Let j(b) = 3*b**2 - x + 3. Determine j(-1).
3
Let g be 1*1/(1/7). Suppose 2*r + 4 = 0, j = 2*r - 6*r - g. Let b(z) = -18*z**3 + z**2 + z - 1. Determine b(j).
-17
Let o(k) be the first derivative of k**3/3 + k**2/2 - 12*k + 232. Let p be (-1 - (1 + -2))*-1. Calculate o(p).
-12
Let x(u) = 7*u - 12. Let w(v) = 4*v - 5. Let d(q) = -7*w(q) + 3*x(q). Determine d(-1).
6
Let n(f) = -3*f + 0*f + 153 - 142 + 2*f. Determine n(7).
4
Let j = 8 + -3. Suppose -4*n - j*l = n, -3*l - 5 = 2*n. Let i(a) = -a**2 - 3*a + 1. Let y(o) = 2*o**2 + 2*o - 1. Let t(p) = 3*i(p) + 2*y(p). What is t(n)?
1
Let b(s) = s**2 - 2*s + 4. Let f(o) = 5*o**2 - o - 2. Let l be f(-1). What is b(l)?
12
Let j(r) = -r + 15. Suppose -t - 3*t - 48 = -5*z, -5*t + 3 = -z. Let k be j(z). Let w(d) = 1 + d**3 - d**2 + 4*d**2 - 2*d**3. What is w(k)?
1
Suppose -10 + 5 = 5*a - 5*f, 5*a = 2*f - 2. Let h(q) be the first derivative of a*q + q - 1 - 2*q**3 + q**3 - q**2. What is h(-2)?
-7
Let s(k) = 8*k - 3. Let l(y) = 2 - 2*y - 3*y - 2*y. Let o(g) = 6*l(g) + 5*s(g). What is o(-3)?
3
Let b(n) = 2*n + 1 - n - 2*n - 2. Let w be b(-3). Let h(c) be the third derivative of -c**6/120 + c**5/30 - c**4/24 + c**3/6 + c**2. Calculate h(w).
-1
Let y(p) = p**2 - 2*p - 6. Let v(i) = -i**2 + 2*i + 5. Let m(t) = 6*v(t) + 5*y(t). Calc